 common divisor of 462047978 and 14.
14
Calculate the greatest common factor of 8848655 and 49079.
2887
What is the greatest common divisor of 457220 and 540?
20
What is the greatest common divisor of 1581153 and 32895?
2193
What is the highest common factor of 44 and 115717272?
44
Calculate the greatest common divisor of 221 and 7384364.
13
What is the greatest common factor of 9459991 and 289941?
761
What is the greatest common divisor of 7014 and 102165?
21
Calculate the highest common factor of 294 and 115374273.
147
What is the highest common factor of 110 and 48802930?
110
Calculate the highest common divisor of 246 and 861654.
6
What is the highest common factor of 6514792 and 464?
232
What is the greatest common divisor of 7992710 and 110?
110
What is the greatest common factor of 98616 and 1407?
21
Calculate the greatest common factor of 27842211 and 783.
27
What is the highest common factor of 1030 and 1272910?
10
What is the highest common factor of 616443 and 48?
3
Calculate the greatest common divisor of 868 and 1652.
28
What is the greatest common divisor of 235560 and 1220?
20
Calculate the greatest common factor of 506 and 43729532.
506
What is the highest common factor of 3164 and 4990306?
226
Calculate the highest common factor of 22086280 and 200.
40
What is the greatest common divisor of 36212 and 188452?
44
What is the greatest common divisor of 241570 and 19805?
85
Calculate the highest common divisor of 1045 and 8899334.
19
What is the greatest common factor of 154 and 6816271?
77
Calculate the highest common divisor of 98661 and 11727.
3
What is the greatest common factor of 1233377 and 3?
1
What is the greatest common factor of 1971 and 66525995?
73
What is the highest common factor of 2089290 and 336?
42
What is the highest common factor of 3751 and 93666221?
3751
Calculate the highest common factor of 10560 and 50159505.
165
Calculate the greatest common factor of 358425 and 32745.
885
What is the highest common factor of 2621 and 135513563?
2621
Calculate the highest common factor of 6768 and 248452528.
752
Calculate the highest common divisor of 532414005 and 253.
23
What is the greatest common divisor of 41808 and 1824?
48
Calculate the greatest common divisor of 18057 and 169458926.
6019
What is the greatest common divisor of 1656 and 490089336?
552
Calculate the greatest common divisor of 266 and 218309.
7
Calculate the greatest common divisor of 539 and 127862413.
49
Calculate the highest common factor of 146397955 and 55.
55
What is the greatest common factor of 772 and 12759616?
772
Calculate the highest common divisor of 7 and 244453447.
7
Calculate the highest common divisor of 36 and 7464276.
36
Calculate the highest common divisor of 2232678 and 24486.
2226
What is the greatest common divisor of 17256816 and 288?
144
What is the greatest common divisor of 269 and 149621566?
269
Calculate the greatest common factor of 341 and 2584824.
11
Calculate the greatest common factor of 390590455 and 7515.
835
Calculate the greatest common factor of 471921 and 3.
3
Calculate the greatest common factor of 97452 and 3438.
18
What is the greatest common divisor of 19746 and 8451?
9
What is the greatest common divisor of 110397 and 1643166?
147
What is the greatest common factor of 16501599 and 316?
79
What is the greatest common divisor of 8828815 and 78910?
3035
What is the greatest common factor of 4323 and 23099230?
1441
What is the highest common factor of 35430052 and 1148?
28
Calculate the highest common divisor of 453173313 and 19.
19
Calculate the highest common divisor of 88544 and 7040.
32
Calculate the greatest common divisor of 159148476 and 45.
9
What is the greatest common divisor of 837 and 299927232?
837
Calculate the greatest common divisor of 397916 and 1612.
124
Calculate the highest common factor of 96 and 118692.
12
What is the highest common factor of 617773 and 9763?
13
What is the highest common divisor of 2391252 and 358314?
534
What is the highest common factor of 12879900 and 50600?
1100
Calculate the greatest common divisor of 820 and 285292350.
410
What is the highest common divisor of 35619 and 1198407?
1149
Calculate the greatest common factor of 1202745 and 75.
15
What is the highest common factor of 6927959 and 204?
17
What is the highest common factor of 10796627 and 10611?
131
What is the highest common factor of 347330881 and 321?
107
Calculate the greatest common factor of 3807048 and 4728.
24
What is the greatest common divisor of 342 and 8108640?
18
What is the highest common factor of 228 and 817890036?
228
Calculate the highest common divisor of 1533194 and 22864283.
7033
What is the highest common factor of 7560 and 83520180?
540
Calculate the highest common divisor of 6108648 and 468.
156
What is the highest common factor of 5852819 and 35?
7
What is the greatest common divisor of 25308430 and 230?
10
Calculate the highest common divisor of 1892676 and 353068.
5788
Calculate the greatest common factor of 2849939 and 5593.
47
Calculate the highest common factor of 36552816 and 738.
18
What is the highest common divisor of 63 and 10380807?
9
Calculate the highest common factor of 101320432 and 104.
8
Calculate the greatest common divisor of 173332 and 19000246.
5098
Calculate the highest common divisor of 120150 and 1975.
25
What is the greatest common divisor of 12635 and 327198487?
2527
Calculate the highest common divisor of 5320896 and 4704.
672
What is the highest common divisor of 11 and 451336908?
11
Calculate the greatest common factor of 4324504 and 17834.
482
What is the greatest common factor of 3688 and 905704?
8
Calculate the greatest common divisor of 22 and 13018203.
11
What is the greatest common factor of 8259784 and 416?
104
What is the greatest common factor of 13959 and 375201?
423
Calculate the highest common divisor of 3560 and 43182088.
712
Calculate the greatest common factor of 45 and 1978575.
15
What is the highest common divisor of 440 and 859045?
55
Calculate the greatest common factor of 118456 and 328172.
52
Calculate the greatest common divisor of 53317819 and 19.
19
What is the highest common factor of 1301663 and 97163?
803
What is the greatest common divisor of 272885 and 10615?
5
Calculate the greatest common factor of 44593 and 6859.
19
Calculate the highest common divisor of 980 and 6206830.
490
Calculate the greatest common divisor of 165 and 82961925.
15
What is the highest common factor of 214380 and 117180?
540
What is the greatest common divisor of 6536 and 2167760?
8
Calculate the highest common divisor of 45563404 and 4.
4
Calculate the highest common divisor of 250258 and 314018.
1594
Calculate the highest common factor of 15 and 108062565.
15
What is the greatest common divisor of 522 and 5460584?
58
Calculate the highest common divisor of 18197414 and 37.
37
Calculate the highest common divisor of 4206 and 7827366.
4206
Calculate the highest common factor of 1070619 and 2310.
33
Calculate the greatest common factor of 1788233 and 37733.
389
Calculate the highest common divisor of 10145133 and 18624.
291
What is the highest common divisor of 9211 and 106994?
61
What is the greatest common factor of 79261861 and 49?
49
What is the highest common divisor of 4485 and 88050?
15
What is the highest common factor of 144 and 106281?
9
What is the greatest common divisor of 8 and 24068228?
4
Calculate the greatest common divisor of 475 and 381159.
19
What is the greatest common factor of 62825736 and 3880?
776
Calculate the greatest common divisor of 1233888939 and 155.
31
Calculate the greatest common divisor of 335 and 14305639.
67
Calculate the greatest common divisor of 27323 and 169011.
89
Calculate the greatest common divisor of 229568 and 4971582.
7174
What is the highest common factor of 4023710 and 40?
10
Calculate the greatest common divisor of 249648894 and 1573.
121
What is the highest common divisor of 8636136 and 918?
102
Calculate the greatest common factor of 2818031 and 5365.
37
Calculate the highest common factor of 523069107 and 187.
187
What is the highest common divisor of 28611828 and 105?
21
What is the greatest common divisor of 5 and 140178370?
5
What is the highest common divisor of 504 and 351498?
42
What is t